Is 2789 a prime number?
True
Is 211777 prime?
True
Is 234964363 prime?
False
Is 406781 a prime number?
False
Is 4349629 a composite number?
True
Is 56752121 composite?
False
Is 557759 a composite number?
False
Is 5519989 a prime number?
True
Is 34666171 a composite number?
True
Is 41021521 prime?
True
Is 61967747 a prime number?
False
Is 6693397 a composite number?
False
Is 2302837 prime?
False
Is 119663749 composite?
True
Is 1294061 a prime number?
True
Is 13324123 prime?
False
Is 1507837 prime?
True
Is 61695071 a prime number?
False
Is 363751 a prime number?
True
Is 4437665 composite?
True
Is 636533 composite?
False
Is 575632877 a composite number?
False
Is 503287 a prime number?
True
Is 72459367 a prime number?
False
Is 16214119 composite?
False
Is 586226659 composite?
False
Is 785879 composite?
False
Is 92611 prime?
False
Is 8194063 a prime number?
True
Is 31665307 a composite number?
True
Is 65654359 prime?
True
Is 7107821 prime?
False
Is 54785147 a composite number?
True
Is 245392183 prime?
True
Is 294557917 prime?
True
Is 8519963 a prime number?
True
Is 268811 prime?
True
Is 173845429 prime?
False
Is 53023337 a prime number?
True
Is 3467261 a prime number?
False
Is 1726009 a prime number?
True
Is 3825227 a composite number?
True
Is 27224933 a composite number?
True
Is 853733 a prime number?
True
Is 128602921 composite?
False
Is 20166389 composite?
False
Is 2031545 prime?
False
Is 11441329 a composite number?
False
Is 16338061 prime?
True
Is 49115813 prime?
True
Is 265523 composite?
True
Is 6371237 composite?
False
Is 57988367 a prime number?
True
Is 373447 a prime number?
True
Is 10188137 a prime number?
False
Is 9385919 prime?
True
Is 3369083 composite?
False
Is 61564159 composite?
False
Is 11421401 composite?
False
Is 16750289 prime?
True
Is 211369 prime?
True
Is 2502601 a prime number?
False
Is 13793011 a composite number?
False
Is 176035261 prime?
False
Is 330506381 prime?
True
Is 755479231 a composite number?
True
Is 1265739 a prime number?
False
Is 231468497 a composite number?
True
Is 77392099 prime?
True
Is 3500758 composite?
True
Is 95034673 a composite number?
False
Is 281657861 prime?
False
Is 12464717 a prime number?
False
Is 29063323 prime?
True
Is 9428399 prime?
True
Is 202158239 prime?
True
Is 8414257 a composite number?
False
Is 4886033 composite?
True
Is 464812879 composite?
False
Is 9154303 a prime number?
True
Is 108953911 a composite number?
True
Is 12884743 a composite number?
False
Is 1575353 prime?
False
Is 324902867 composite?
False
Is 65217847 a composite number?
False
Is 659881 a prime number?
True
Is 2678965 prime?
False
Is 1186099 composite?
False
Is 673807 a prime number?
False
Is 6786079 a prime number?
False
Is 56571959 composite?
False
Is 878699 a composite number?
False
Is 31853719 a prime number?
True
Is 56294243 prime?
False
Is 209012717 a prime number?
True
Is 4921451 prime?
False
Is 1812709 composite?
True
Is 62947483 composite?
False
Is 4842907 prime?
False
Is 41315699 composite?
True
Is 227977621 prime?
True
Is 337658449 a composite number?
False
Is 1136074583 prime?
False
Is 39456289 composite?
False
Is 132767699 composite?
True
Is 9571963 a prime number?
False
Is 63925577 prime?
False
Is 693809 a composite number?
False
Is 3965341 composite?
False
Is 1372296659 a prime number?
True
Is 77322313 a composite number?
False
Is 1999007 a composite number?
False
Is 6123653 a prime number?
True
Is 11792017 composite?
True
Is 147062989 a prime number?
False
Is 19100969 prime?
True
Is 50534411 composite?
True
Is 6255751 a prime number?
True
Is 245724431 composite?
True
Is 121547 a composite number?
False
Is 37104323 composite?
True
Is 7225033 composite?
False
Is 24627391 a composite number?
True
Is 64969901 a prime number?
True
Is 2802073 a composite number?
True
Is 5128001 a prime number?
False
Is 20583049 a prime number?
True
Is 187301 composite?
True
Is 4117339 prime?
True
Is 167563931 prime?
True
Is 738779381 prime?
False
Is 7660027 a prime number?
True
Is 19157071 a prime number?
False
Is 19607 composite?
True
Is 352620031 composite?
True
Is 1299541 composite?
False
Is 17615371 a prime number?
True
Is 3962201 prime?
True
Is 2266799 a composite number?
True
Is 15811001 composite?
False
Is 822067 a composite number?
False
Is 3071617 a composite number?
False
Is 77758771 a prime number?
True
Is 1330669 prime?
False
Is 14648573 prime?
False
Is 63976603 prime?
False
Is 1244981 a composite number?
True
Is 572286461 prime?
False
Is 102952741 a prime number?
True
Is 2835257 a prime number?
False
Is 8679857 composite?
True
Is 5747197 a prime number?
False
Is 14269071 a prime number?
False
Is 59723039 prime?
True
Is 188549771 prime?
False
Is 15839459 a composite number?
False
Is 481205455 composite?
True
Is 37254019 composite?
True
Is 4688479 a prime number?
False
Is 6670637 a prime number?
True
Is 1584137 a composite number?
False
Is 242969521 prime?
True
Is 51106441 composite?
False
Is 4563641 a prime number?
True
Is 4232101 prime?
True
Is 40181581 a prime number?
False
Is 6075929 a composite number?
False
Is 36805817 a prime number?
True
Is 6100721 prime?
False
Is 38962093 a composite number?
False
Is 135600163 a composite number?
False
Is 42236287 a composite number?
False
Is 959263 a prime number?
True
Is 13352261 a prime number?
False
Is 6728281 composite?
True
Is 67322327 prime?
True
Is 9049294 composite?
True
Is 4884571 prime?
False
Is 116953171 composite?
False
Is 783080489 prime?
False
Is 41612629 composite?
False
Is 109212391 a prime number?
True
Is 6289021 composite?
False
Is 168047359 prime?
False
Is 50282131 composite?
False
Is 94779053 a prime number?
True
Is 51270481 prime?
True
Is 16812281 composite?
False
Is 173203 prime?
False
Is 1465903 a composite number?
True
Is 193361503 prime?
True
Is 8170535 prime?
False
Is 73873589 prime?
False
Is 15102937 a composite number?
False
Is 21143411 a composite number?
False
Is 2191207 composite?
True
Is 146855221 prime?
True
Is 1482319 composite?
False
Is 86933029 a composite number?
True
Is 32225569 a prime number?
True
Is 2501323 prime?
False
Is 23791961 a composite number?
False
Is 527039 a composite number?
True
Is 133689 a composite number?
True
Is 42702581 a composite number?
True
Is 23422871 prime?
True
Is 231821 a composite number?
False
Is 16618009 a composite number?
False
Is 6074051 a composite number?
True
Is 186495249 a composite number?
True
Is 6660023 prime?
True
Is 14646029 prime?
True
Is 302786161 prime?
False
Is 160917923 a composite number?
False
Is 16501213 prime?
True
Is 11155757 composite?
True
Is 541483 a prime number?
True
Is 1152774263 a prime number?
True
Is 202563913 composite?
True
Is 13730687 a prime number?
True
Is 2587069 a composite number?
False
Is 49377023 prime?
True
Is 4609169 a composite number?
False
Is 187870055 a composite number?
True
Is 9672307 composite?
True
Is 2411821 composite?
False
Is 148760677 prime?
False
Is 18234721 a composite number?
False
Is 64301 a prime number?
True
Is 2329073 prime?
True
Is 156664561 prime?
True
Is 24235429 prime?
False
Is 1998793 composite?
False
Is 7726379 composite?
False
Is 266549629 a composite number?
True
Is 5388707 composite?
False
Is 24316147 a composite number?
True
Is 265436863 a prime number?
True
Is 3279539 a prime number?
False
Is 44075971 prime?
False
Is 44674559 a composite number?
False
Is 56103427 a composite number?
True
Is 9604957 a composite number?
False
Is 2649677 prime?
True
Is 750769 composite?
False
Is 87453161 composite?
False
Is 211240849 a composite number?
False
Is 18548983 composite?
False
Is 59087969 prime?
False
Is 157603711 a prime number?
True
Is 306026279 prime?
False
Is 1497823 a composite number?
True
Is 80711201 a prime number?
True
Is 16301 prime?
True
Is 59923819 a prime number?
True
Is 7290679 a prime number?
False
Is 278207221 a prime number?
True
Is 529797329 prime?
True
Is 903143 a prime number?
True
Is 50059463 a prime number?
False
Is 5054633 a prime number?
True
Is 16822187 a prime number?
True
Is 38371829 prime?
True
Is 21615613 a composite number?
True
Is 109501831 composite?
True
Is 19938151 prime?
False
Is 4775711 prime?
True
Is 315739993 prime?
True
Is 1429159 a composite number?
True
Is 28307419 prime?
False
Is 2900039 prime?
